9
What is the units digit of 350553335?
5
What is the ten millions digit of 564049295?
6
What is the ten millions digit of 114445595?
1
What is the millions digit of 2309793?
2
What is the tens digit of 371056509?
0
What is the ten millions digit of 404123233?
0
What is the ten millions digit of 2090375706?
9
What is the ten thousands digit of 3024363857?
6
What is the ten thousands digit of 154296023?
9
What is the tens digit of 272063662?
6
What is the thousands digit of 1237785629?
5
What is the ten thousands digit of 2289486746?
8
What is the hundreds digit of 2396188028?
0
What is the hundred millions digit of 697326636?
6
What is the ten millions digit of 66633437?
6
What is the hundred millions digit of 472362301?
4
What is the thousands digit of 10880211?
0
What is the ten thousands digit of 112868706?
6
What is the thousands digit of 37282529?
2
What is the tens digit of 1353262764?
6
What is the hundreds digit of 537208503?
5
What is the units digit of 484573799?
9
What is the hundred millions digit of 2693235425?
6
What is the tens digit of 551972002?
0
What is the tens digit of 102229774?
7
What is the ten millions digit of 51738822?
5
What is the units digit of 40830034?
4
What is the thousands digit of 77062480?
2
What is the ten thousands digit of 23963210?
6
What is the ten millions digit of 842260050?
4
What is the ten thousands digit of 60132539?
3
What is the units digit of 37717706?
6
What is the thousands digit of 87124386?
4
What is the hundred millions digit of 445523178?
4
What is the hundreds digit of 230083627?
6
What is the hundred millions digit of 1586312234?
5
What is the tens digit of 51393774?
7
What is the units digit of 31072224?
4
What is the thousands digit of 69079435?
9
What is the tens digit of 753594?
9
What is the units digit of 624318575?
5
What is the ten thousands digit of 834926246?
2
What is the units digit of 105577025?
5
What is the millions digit of 1307961585?
7
What is the hundred thousands digit of 960697972?
6
What is the thousands digit of 158985150?
5
What is the tens digit of 104812376?
7
What is the ten millions digit of 165235609?
6
What is the tens digit of 1271768403?
0
What is the tens digit of 19174305?
0
What is the thousands digit of 763668962?
8
What is the hundreds digit of 2045756161?
1
What is the hundreds digit of 1002016375?
3
What is the hundreds digit of 2590542105?
1
What is the ten millions digit of 1118260668?
1
What is the hundred millions digit of 126156560?
1
What is the ten thousands digit of 137697928?
9
What is the hundreds digit of 1904038?
0
What is the ten thousands digit of 33061786?
6
What is the ten thousands digit of 123280857?
8
What is the thousands digit of 5697360?
7
What is the units digit of 3802140343?
3
What is the hundred thousands digit of 1801480139?
4
What is the hundred thousands digit of 1869669620?
6
What is the tens digit of 141661741?
4
What is the hundreds digit of 4756371915?
9
What is the ten millions digit of 661703370?
6
What is the thousands digit of 2108806011?
6
What is the units digit of 181596599?
9
What is the hundreds digit of 2428005317?
3
What is the thousands digit of 854895?
4
What is the hundreds digit of 585915677?
6
What is the thousands digit of 166493402?
3
What is the thousands digit of 12907023?
7
What is the hundreds digit of 6310380598?
5
What is the hundreds digit of 268308534?
5
What is the hundred millions digit of 545059475?
5
What is the units digit of 1253962604?
4
What is the hundred millions digit of 229990434?
2
What is the ten thousands digit of 349829471?
2
What is the hundreds digit of 7185867565?
5
What is the tens digit of 549244455?
5
What is the hundred millions digit of 135301158?
1
What is the hundred thousands digit of 1213828126?
8
What is the hundreds digit of 6826153?
1
What is the billions digit of 1300419118?
1
What is the thousands digit of 5312750669?
0
What is the billions digit of 3769152440?
3
What is the units digit of 58317859?
9
What is the ten millions digit of 234111799?
3
What is the ten thousands digit of 96890460?
9
What is the ten thousands digit of 72529855?
2
What is the hundred thousands digit of 704108427?
1
What is the millions digit of 315797226?
5
What is the hundreds digit of 23860441?
4
What is the units digit of 231582015?
5
What is the hundred thousands digit of 429218487?
2
What is the hundreds digit of 2076812906?
9
What is the ten millions digit of 265935775?
6
What is the tens digit of 122118467?
6
What is the hundred thousands digit of 69906853?
9
What is the tens digit of 1979257694?
9
What is the hundreds digit of 2242589306?
3
What is the units digit of 58917108?
8
What is the units digit of 3267659673?
3
What is the hundred thousands digit of 425898011?
8
What is the ten millions digit of 35677367?
3
What is the ten millions digit of 84592501?
8
What is the hundred thousands digit of 1808134?
8
What is the hundreds digit of 332733322?
3
What is the hundreds digit of 765984459?
4
What is the millions digit of 2180262025?
0
What is the hundreds digit of 113946764?
7
What is the units digit of 122718238?
8
What is the ten thousands digit of 5570237?
7
What is the ten millions digit of 193095694?
9
What is the millions digit of 2768425?
2
What is the thousands digit of 165089719?
9
What is the thousands digit of 266029778?
9
What is the ten millions digit of 292003112?
9
What is the hundred millions digit of 265706210?
2
What is the hundred thousands digit of 88305240?
3
What is the units digit of 99624804?
4
What is the ten millions digit of 42507113?
4
What is the ten millions digit of 605974292?
0
What is the ten thousands digit of 2210741391?
4
What is the units digit of 1239919858?
8
What is the hundred millions digit of 5123661330?
1
What is the thousands digit of 111017222?
7
What is the millions digit of 3165254402?
5
What is the hundred thousands digit of 2001767891?
7
What is the ten thousands digit of 288776195?
7
What is the ten millions digit of 317729510?
1
What is the units digit of 861051294?
4
What is the hundred thousands digit of 641365514?
3
What is the thousands digit of 72903142?
3
What is the tens digit of 716441901?
0
What is the hundred thousands digit of 227276311?
2
What is the tens digit of 792552419?
1
What is the billions digit of 4132491829?
4
What is the millions digit of 5835529?
5
What is the ten thousands digit of 1070667141?
6
What is the units digit of 4452637056?
6
What is the hundreds digit of 389032449?
4
What is the ten millions digit of 243535804?
4
What is the hundreds digit of 365406492?
4
What is the hundred millions digit of 2824984518?
8
What is the millions digit of 3928813?
3
What is the thousands digit of 494258152?
8
What is the hundred thousands digit of 8171514?
1
What is the thousands digit of 103762171?
2
What is the hundreds digit of 61430750?
7
What is the hundred millions digit of 436041000?
4
What is the units digit of 918273603?
3
What is the thousands digit of 23446156?
6
What is the ten millions digit of 103167057?
0
What is the billions digit of 2821223468?
2
What is the ten thousands digit of 6781286930?
8
What is the hundred thousands digit of 253422482?
4
What is the ten millions digit of 14861552?
1
What is the tens digit of 360117587?
8
What is the hundred thousands digit of 1658128342?
1
What is the tens digit of 3493149547?
4
What is the ten thousands digit of 5159827973?
2
What is the hundreds digit of 83256717?
7
What is the billions digit of 1488685478?
1
What is the tens digit of 2111120807?
0
What is the millions digit of 10071197?
0
What is the tens digit of 1109911045?
4
What is the units digit of 3809194589?
9
What is the ten thousands digit of 4897860618?
6
What is the units digit of 234245093?
3
What is the ten thousands digit of 275489334?
8
What is the thousands digit of 158720451?
0
What is the hundreds digit of 2953233171?
1
What is the thousands digit of 67525621?
5
What is the hundred thousands digit of 47598472?
5
What is the ten millions digit of 285668395?
8
What is the ten millions digit of 59734633?
5
What is the hundred thousands digit of 491076450?
0
What is the thousands digit of 81985265?
5
What is the hundred thousands digit of 293148158?
1
What is the ten million